e -5*s + 37 - 6 = -i, -3*i = 4*s - 40. Suppose 0 = s*b - 184 - 544. Let h = -74 + b. What is the tens digit of h?
3
Let p = -275 - -448. Suppose w - j - 34 = -0*w, -p = -5*w + 4*j. Suppose -5*t = 15, 3*l + t = w - 7. What is the units digit of l?
1
Suppose 2 = 2*y, -5*y + y + 393 = x. What is the tens digit of x?
8
Let q(s) = s**3 - s**2 + 7. Let u be q(0). Let i = 58 - 55. Suppose -u*a = -i*a - 80. What is the units digit of a?
0
Suppose 1654 + 730 = 8*z. What is the hundreds digit of z?
2
Let o(d) = -4*d**2 + 2*d - 3. Let v be o(2). Let l be (v/5)/(9/24). What is the units digit of -2*20/l + -3?
2
Let l(o) = -o**3 - 5*o**2 - 6*o - 3. Let n be l(-4). Suppose 5*s = -10, f + 3*s = n + 73. What is the tens digit of f?
8
Suppose q - 5*j = -91 + 848, 2*q + 5*j = 1514. What is the hundreds digit of q?
7
Let p(w) = -w**3 - 2*w**2 - 3*w - 2. Suppose 3*l - 7 = 5. Suppose -2*f = -a - l*a - 12, -3*a - 7 = -f. What is the units digit of p(a)?
4
Let j(g) = g**3 + 26*g**2 + 7*g + 24. What is the units digit of j(-24)?
8
What is the tens digit of ((-1638)/(-35))/((-3)/(-430))?
0
Let p(k) = k**3 - k. Let z(u) = -22*u**3 + 2*u - 3. Let q(d) = 6*p(d) + z(d). What is the tens digit of q(-2)?
3
Let b(g) = 5*g**3 - 11*g**2 - 8. Let q be b(5). Let u = -120 + q. What is the hundreds digit of u?
2
What is the hundreds digit of 309*(1 - 12/18)?
1
Let u = 15 + -12. Suppose -u*s = j - 88 - 22, -3*j + 4*s = -265. What is the tens digit of j?
9
Let l(n) = 16*n**2 + 5*n - 7. What is the tens digit of l(10)?
4
Suppose 3 = 3*d + n, 3*d + 4*n = d + 12. Suppose -2*b - 2*b = d. Suppose m - 50 - 1 = -5*a, b = a. What is the units digit of m?
1
Let i be (-4)/3*27/(-18). Let q(k) = 3*k**i + 5*k**2 + 4 + k**2. What is the units digit of q(-2)?
0
Let c(v) = -v**3 + 7*v**2 - 8*v + 11. What is the units digit of c(4)?
7
Suppose -9*j + 15*j = 708. What is the tens digit of j?
1
Suppose -z = 4*z - 5*f - 1200, z = -5*f + 222. What is the units digit of z?
7
Let k(j) = -10*j + 5. Let a = -74 - -57. What is the units digit of k(a)?
5
Suppose 9508 = 2*c - 5*v, 6*c - 4754 = 5*c + 3*v. What is the thousands digit of c?
4
Let z(l) = l**3 - 5*l**2 - 6*l - 2. Let u be z(4). What is the tens digit of (-7824)/u - -3 - (-4)/(-14)?
8
Suppose 0 = 5*m + 12 - 32. Let y = m + -5. What is the units digit of y + 2 + 3 + -3?
1
Let l(i) = i**3 - 2*i**2 - 3*i + 963. What is the units digit of l(0)?
3
Let d be -1 + (-14)/(-18) + 40/18. Let l(z) = 40*z + 1. What is the units digit of l(d)?
1
Let k = 38 + 403. What is the tens digit of k?
4
Let d(x) = -4*x**3 + 9*x**2 - 15*x + 8. Let i(h) = 3*h**3 - 8*h**2 + 14*h - 9. Let t(k) = 2*d(k) + 3*i(k). What is the hundreds digit of t(8)?
2
Suppose -n + 2*n = i - 3, 0 = 4*i + 4*n - 12. Suppose 3*b - u - 105 = -i*u, -3*u + 140 = 4*b. What is the tens digit of b?
3
What is the units digit of (2/(-3))/(3 - (-20478)/(-6822))?
9
Let f(l) = -16*l + 4. Let q be f(13). Let m = -131 - q. What is the tens digit of m?
7
Let p = 4705 + -2723. What is the hundreds digit of p?
9
Let u = 18 - -287. Suppose -u - 836 = -7*m. What is the tens digit of m?
6
Let q(p) = 27*p**2 - 10*p + 106. What is the hundreds digit of q(7)?
3
Suppose -61*q - 2*c = -59*q - 3324, 4*q - 4*c - 6648 = 0. What is the hundreds digit of q?
6
Let q be 3 + 198/3 + -3. Suppose -q = -4*j + 14. What is the tens digit of j?
2
Let p be 3 - (87/9)/(1/291). What is the units digit of p/(-20) - 1/(-2)?
1
Let a(d) = 29*d**2 + 17*d - 31. What is the hundreds digit of a(-9)?
1
Let v be (-1)/((0 - 0) + 1). Suppose 321 + 129 = 30*f. Let x = f + v. What is the tens digit of x?
1
Suppose 0*x + 8*x = -808. Let w = 27 - x. What is the tens digit of w?
2
Suppose 0 = 17*j - 8*j - 1404. What is the tens digit of j?
5
Let q(b) = b**3 + 2*b**2 - 4*b. Let h be q(-3). Suppose 0 = h*a - 7 + 1. What is the units digit of a?
2
Suppose 1689 = 3*f + 14*m - 10*m, -4*m - 563 = -f. What is the hundreds digit of f?
5
Suppose -28*t = -6093 - 4295. What is the tens digit of t?
7
Let s = 3636 + -409. What is the tens digit of s?
2
Let j = -48 - -18. Let r = 64 + j. What is the units digit of r?
4
What is the hundreds digit of ((-75)/(-6))/(684/136 + -5)?
4
Suppose 4*m - 5*m + w = -7, m = -w - 1. Let r(g) = g**2 - 3*g - 3. Let b be r(m). Let v = b + 18. What is the units digit of v?
5
Let i be -3 - 0 - 14/(-7). Let v(x) = -3*x. Let c be v(i). Suppose -5*t + c*a = -102, 0 = 4*t + 2*a - a - 85. What is the units digit of t?
1
Suppose 5*g + 6*s = 3*s - 49, -4*g = 3*s + 38. Let r = -22 - -44. Let n = r + g. What is the units digit of n?
1
Suppose 2*w = 5*u - 24, 4*w + 19 = 5*u + 1. Let x(t) = -t**3 + 8*t**2 - 8*t - 1. Let a be x(u). Suppose -b = -55 - a. What is the tens digit of b?
7
Suppose 7 = -2*s - 1. Let t(m) = -41*m - 17. What is the hundreds digit of t(s)?
1
Let d(i) = 4*i**2 - 13*i - 8. Let b(r) = -r**2 + r + 1. Let j(x) = 3*b(x) + d(x). Let w be j(11). What is the units digit of ((-13)/2)/((-1)/w)?
9
Let k be (-2)/(-4 + 6) + 18. Let g be 3 + -6 + -1 + k. What is the tens digit of (-10 - g)/(2/(-4))?
4
Suppose -2*l = -4 - 6. Suppose -5*t - 2*y = -253, l*y - 71 - 194 = -5*t. What is the units digit of t?
9
Suppose -18 = -2*b - 5*n, -5*n = -5*b - 0*b + 10. Suppose 0*w - 2*l = -b*w + 194, w + 5*l = 43. Suppose -3*f = -f - w. What is the units digit of f?
4
Let w(n) = -3*n - 28. Let t be w(-16). Suppose -10*m = -t - 40. What is the units digit of m?
6
Suppose -a - 3*a = -24. What is the tens digit of (-1810)/(-30) + (-8)/a?
5
Let w(o) = -7*o + 1. Suppose -10*r + 4*r = -18. Let t be w(r). Let j = t - -32. What is the tens digit of j?
1
Suppose 2*g - 7*g - 15 = 0. Let a be -7*(-2 + (-3)/g). Let k = 15 - a. What is the units digit of k?
8
Suppose -4*r - 465 = -9*r. Let c = 156 - r. What is the tens digit of c?
6
Let v(b) = -482*b + 182. What is the hundreds digit of v(-4)?
1
What is the thousands digit of ((-12)/30)/(-5 - 575865/(-115175))?
4
Let y(c) = -c**3 - 6*c**2 + 6*c - 7. Let d be y(-7). What is the units digit of 5/(10/8) + d?
4
Let v be (2 - 2) + (1 - 4). Let y = 3 - v. Suppose -y*f + 115 = -f. What is the tens digit of f?
2
Let a = 54 - 54. Suppose a = b - 2, -n + 292 = -2*b - b. What is the tens digit of n?
9
Suppose 3*l - 9 = 3*t - 0*t, -3*t = -2*l + 9. Suppose l = 5*w - 4*s + 8, -4*w = 5*s - 4 - 6. Suppose 2*x + 4*x - 198 = w. What is the units digit of x?
3
Let u = -13 + 10. Let b be (2/5)/(u/165). What is the units digit of 466/22 - (-4)/b?
1
Suppose 0 = 11*b - 0*b - 6314. What is the hundreds digit of b?
5
Let a = 19 + -47. Let q = -17 - a. Let n = 1 + q. What is the units digit of n?
2
Let x(f) = 6*f**2 - 4*f - 37. What is the hundreds digit of x(8)?
3
Let s(m) be the first derivative of -7*m**3 + m + 7. Let d be s(-2). Let q = d - -140. What is the tens digit of q?
5
What is the tens digit of (6 - 5) + (-1 - 2) + 376?
7
Suppose -2518 = -5*m - 2*d, 5*d - 522 = 9*m - 10*m. What is the units digit of m?
2
Let g(u) = 207*u**2 - 23*u - 24. What is the hundreds digit of g(-1)?
2
Suppose -5*q = 4*f + 30, 5*q - 3*q + 3*f = -19. Let t be q*1825/(3 + 2). What is the tens digit of (2/4)/((-5)/t)?
7
Let p be (-9)/(-6)*-2 - 29. Suppose 2*y = 0, -4*y - y = -4*v + 164. Let t = v + p. What is the units digit of t?
9
Let l = -15 + 28. Let p = 15 - l. What is the units digit of 0/p + 0 + 3?
3
Let b(u) = -u**2 + 7*u + 15. Suppose 24 = -2*p + 5*p. Let v be b(p). Suppose 10*q - v*q - 210 = 0. What is the tens digit of q?
7
What is the tens digit of (12223/(-34))/((-2)/4)?
1
Let l(x) = x**3 + 4*x**2 - x - 2. Let t be l(-4). Suppose -3*s + 6*s = b - 10, 5*b - t*s = -2. What is the units digit of (-1 - b)*(-1 - -7)?
6
Let o be ((-3)/(-2))/(18/204). Suppose 9 = -h + o. Suppose h = -2*f + 86. What is the units digit of f?
9
Let m = -1783 + 3343. What is the tens digit of m/(-15)*1/(-2)?
5
Let r be 2/(-4)*(1 + -195). Suppose 0*p - r = -5*f - p, -4*p + 8 = 0. What is the tens digit of f?
1
Suppose -2*o + 0*o - 222 = -4*w, 5*o - 3*w = -548. Let t = 174 + o. What is the tens digit of t?
6
What is the units digit of (-26*(-6)/12)/(1/4)?
2
Suppose 0 = -3*j - 251 + 5837. What is the units digit of j?
2
Suppose 9 + 29 = -2*r. Let f = -28 - r. What is the units digit of (-2)/2*(f + 2)?
7
Let x(m) = 10*m + 2. Suppose -2*a + v = -v - 4, -a + 2*v = 0. Suppose -a*w 